 + 5 - (1 + 7). Let c(o) = o - 4. Let a(l) = -l + 3. Let r = -2 - 1. Let z(v) = r*c(v) - 4*a(v). Determine z(h).
-6
Let w(v) = v**3 - 5*v**2 + 4*v + 2. Suppose 3*q - 5*s = -0*q + 16, -18 = q + 3*s. Let y be -1*((-9)/q - 2). Let j be (-44)/(-12) - y/3. Give w(j).
2
Let j = 0 - 4. Let o = j - -1. Let a(y) be the first derivative of -y**3/3 - 5*y**2/2 - 4*y + 18. Determine a(o).
2
Let g(c) = 0*c**2 + c**3 - 3*c**2 - 3*c + 3 + 0*c**3. Give g(3).
-6
Let j(i) be the third derivative of 1/6*i**4 + i**2 + 1/2*i**3 + 1/60*i**5 + 0 + 0*i. Determine j(-5).
8
Let z(i) = -5*i + 4. Let r(x) = -6*x + 3. Let o(m) = -4*r(m) + 5*z(m). What is o(6)?
2
Let k = -1 + 1. Let i(l) = 2*l + 7. Let s = 0 - 2. Let w(p) = -p - 7. Let q(b) = s*i(b) - 3*w(b). Determine q(k).
7
Suppose -3*k + 8 = -4. Let a(s) be the third derivative of 1/24*s**4 - 1/2*s**3 + 1/15*s**5 - 1/120*s**6 - 3*s**2 + 0 + 0*s. What is a(k)?
1
Let o(q) = -2*q - 1. Let p be 20/(-6) - (-1)/3. Let x(t) = -5*t - 3. Let w(k) = p*x(k) + 7*o(k). Let u = 13 - 18. Determine w(u).
-3
Let p(d) be the second derivative of d**5/20 + d**3/6 + d**2/2 - 18*d. Suppose 1 = 2*w - 3*w. Give p(w).
-1
Let x(d) be the second derivative of d**7/210 - d**6/360 - 7*d**3/6 - 2*d. Let m(j) be the second derivative of x(j). Calculate m(-1).
-5
Let d(m) = -7*m**2 + 3*m - 5. Let x(j) = j**2 + 1. Let h = -7 + 5. Let w = 1 + h. Let l(t) = w*d(t) - 6*x(t). Determine l(4).
3
Suppose 0*s - 4 = k - 4*s, -2*k = -s + 1. Let u(g) be the second derivative of k - 1/3*g**4 - 1/2*g**2 - 2*g + 0*g**3. What is u(1)?
-5
Let x(c) = -7 + 5*c + 3 - 4*c + 0 - c**3 - c**2. Determine x(-3).
11
Let r be (-1)/(-1) + (-4 - -3). Let v(l) = -4*l**2 - 1 + r + l**3 + 4*l + 10*l**2. Calculate v(-5).
4
Suppose 3 = -3*f - 0*f. Let s(u) = u**2 - 1. Calculate s(f).
0
Let n = 2 - -1. Suppose -5*w + 4 = -3*w - 3*o, -n*w - 5*o = -6. Suppose 23 = j + 5*z, 3*j = -w*j + 5*z - 5. Let f(q) = -2*q + 4. Determine f(j).
-2
Let p(d) = d**2 + 7*d + 3. Let h be p(-7). Let f(o) = 0 - 3 + 2*o**2 + h + 2*o. What is f(-2)?
4
Suppose m - 10 = -2*m + 5*n, -2*m + 2*n = 0. Let x(l) = -l - 3. Let a be x(m). Let w be a/6 + (-5)/(-3). Let r(s) = 2*s. Give r(w).
4
Let x(w) = 3*w + 9. Let z(m) = -16*m - 46. Let u(f) = -11*x(f) - 2*z(f). Let o = 10 - 15. Give u(o).
-2
Let h(r) = -3*r + 2*r + r**2 + 2*r + r**3. Suppose -3*s - 1 = -m + 2, 2*s + 2 = 4*m. Determine h(s).
-1
Let f(p) = -p + 2. Suppose 0 = 4*g + g. Let x = 0 + g. Calculate f(x).
2
Let d(b) = 1 - 3 - b**2 - 29*b**3 + 28*b**3 - b**2 - 4*b. Suppose 0 = 2*n + 4. Give d(n).
6
Let z(d) = -d + 1. Let g(a) = -3*a + 12. Let f(k) = g(k) - 2*z(k). Let i be f(10). Let s(t) = t - 1. Calculate s(i).
-1
Let a(g) = -g**3 - 3*g**2 - 2*g - 7. Let i = -148 + 145. Calculate a(i).
-1
Let a(y) = y. Let b(t) = -5*t + 1. Let z(r) = -6*a(r) - b(r). Let h be (-3)/(-2*1/(-2)). Let q = h + -2. Give z(q).
4
Let j(l) = -30*l**2 - 2*l - 9. Let z(y) = -15*y**2 - y - 4. Let t(a) = 3*j(a) - 7*z(a). Calculate t(-1).
15
Let o(v) = 5*v**3 + v**2 + v + 5. Let q(x) = x**3 - x**2 + x + 1. Let b(j) = -o(j) + 6*q(j). Let h be (-9 + 1)*(-9)/12. Calculate b(h).
-5
Suppose -73 = -5*v - 58. Let w(b) = b**3 - 3*b**2 + b - 2. What is w(v)?
1
Let n be (2/(-6))/(2/(-24)). Suppose a + a = n. Let k(y) be the second derivative of -y**3/6 + y. Determine k(a).
-2
Suppose -3*o = 15 - 3, -2*q + 14 = -5*o. Let a(g) = g**3 - 5*g - 3. Determine a(q).
-15
Let g(h) = -h + 1. Let v(k) = 2*k - 1. Let p(q) = 11*g(q) + 6*v(q). Calculate p(-4).
1
Let j(n) be the third derivative of n**5/60 + 5*n**4/24 - 4*n**3/3 + 13*n**2. Determine j(-6).
-2
Suppose 0 = -5*j - 2*b - 12, 0*b = -j + 2*b. Let i(g) = 2*g**3 + g**2 - 3*g - 1. What is i(j)?
-7
Let n(m) = m - 8. Let l(c) = 2*c + 24. Let o be l(-9). Give n(o).
-2
Let s(i) = i**3 + 6*i**2 + 6*i. Let j = 1 + -5. Determine s(j).
8
Suppose -g + 4*g = 0. Suppose 3*x - 6 = g, -r + 3 = -2*r + 4*x. Let b(m) = -m - m + 3*m. Give b(r).
5
Suppose 3*i - 12 = -57. Let q = 9 + i. Let s(l) = l**2 + 6*l + 2. What is s(q)?
2
Let x(i) = i - 2. Suppose 4*c + 0*c - 20 = 0. Let j be x(c). Let m(h) = 2*h - 1. Calculate m(j).
5
Let f(i) = 22*i**2. Suppose 3*m - 7*m - 4 = 0. Determine f(m).
22
Let i(w) = -5*w - 13. Let c(x) = -4*x - 12. Let k(s) = 6*c(s) - 5*i(s). Give k(8).
1
Let h be (12/10)/(12/40). Let a(p) = -p**3 + h*p**3 + 3*p**3 + 2 - 3*p - 5*p**3 - 2*p**2. Calculate a(2).
-4
Let l(d) = -d**2 + 6*d - 6. Let o = -13 + 6. Let b = o + 11. Give l(b).
2
Let i(k) be the second derivative of k**4/12 - k**3/3 - k**2/2 - 6*k. Determine i(3).
2
Suppose 0 = -3*a + 5*r + 65, -4*a - 46 + 131 = -5*r. Let j = -4 - -6. Suppose 2*l = -j*l + a. Let v(t) = -3*t + 4. Give v(l).
-11
Let b(m) = -m**3 + m**2 - m - 9. Suppose 2*x + s = 5 - 2, -3*x + 4*s = -32. Suppose 6*t - x*t = 0. What is b(t)?
-9
Let x = -3 - -3. Let h(r) be the third derivative of 0*r - 1/60*r**5 + 0 + 0*r**4 - 2*r**2 - 2/3*r**3. What is h(x)?
-4
Let i(t) be the third derivative of -t**4/8 + t**3/6 - 4*t**2. Let f = -2 - -2. Let c = 3 + f. Calculate i(c).
-8
Let r be 6/5*15/6. Suppose 5*i = 2*w + 23, r*w + 0*w = -4*i + 23. Let z(f) be the second derivative of -f**4/6 + f**3/6 - f**2/2 + 7*f. What is z(w)?
-2
Let f(j) = -j**3 - j**2 + j - 2. Let i(o) = -o + 10. Let h be i(7). Suppose -h = 3*b + 3. What is f(b)?
0
Let s(v) = -v**3 - 5*v**2 - 4*v + 3. Let r be s(-4). Let f = 12 - 7. Let h(d) = 2*d + 2*d**2 + d**2 - f*d - 4 - 2*d**2. Determine h(r).
-4
Let o be 1*(0 + (-3)/9)*-3. Let f(q) = 3*q + 1. What is f(o)?
4
Suppose -1 = -2*t + 3. Suppose -24 = -4*q - 4*i, -i = 5*q - t*i. Let g(n) be the third derivative of n**6/30 + n**4/24 - n**2. What is g(q)?
5
Let o(j) = -j + 6. Let y = 130 + -124. Determine o(y).
0
Let k(s) = -s - 1. Let q(m) = m + 6. Let j(h) = -3*k(h) - q(h). Suppose -6 = -3*r - 0. Suppose -1 = -r*t + 3. Calculate j(t).
1
Let b(c) = c - 4. Let o be b(6). Suppose n + o*n = 0. Let g be n/6 + 3/(-1). Let m(a) = -2*a**2 - 3*a - 1. Calculate m(g).
-10
Let z = -4 + 5. Let u(j) = j**2 + j - 1. Determine u(z).
1
Let m(z) be the third derivative of -z**5/60 + 5*z**4/24 + z**3/6 - 5*z**2. Determine m(5).
1
Let b = -12 + 17. Let x(s) = 13*s**3 + 3*s**2 - 25*s + 17. Let l(u) = 7*u**3 + 2*u**2 - 13*u + 9. Let g(a) = -11*l(a) + 6*x(a). Calculate g(b).
-7
Let v(d) = 2*d**2 + 4*d - 1. Let t = -15 + 9. Let w(x) = -10*x + 1. Let z be w(1). Let i = z - t. Determine v(i).
5
Let r(d) be the first derivative of -d**6/24 - d**4/24 - d**3/6 - 3*d**2/2 + 2. Let t(x) be the second derivative of r(x). Give t(-1).
5
Let v(b) = 3*b**3 + 5*b**2 - 3*b - 2. Let s(m) = -16*m**3 - 25*m**2 + 14*m + 11. Let h(a) = -2*s(a) - 11*v(a). Determine h(-6).
6
Let t(l) be the first derivative of -l**5/4 - l**3/3 + l**2/2 + l - 2. Let k(q) be the first derivative of t(q). Let z = 2 + -1. What is k(z)?
-6
Suppose -4*g + 15 + 41 = -a, 2*g - 4*a - 42 = 0. Suppose -5*m + g = -7. Let t(r) = r**2 - 5. Give t(m).
11
Let y(j) = j**2 + 5*j + 1. Let v(n) = 6*n + 1. Let l(d) = -3*v(d) + 4*y(d). Calculate l(-2).
13
Let f = 14 + -20. Let g(z) = 2*z. Give g(f).
-12
Suppose -2*k - 8 = -4*g - 42, 4*g + 16 = -4*k. Let j(d) = -d**3 - 8*d**2 - 3*d + 8. Calculate j(g).
-20
Let x(l) = l - 7. Let v(p) be the first derivative of p**2/2 + 3*p + 1. Let g be v(5). Let z be g + -1 + -2 + 0. What is x(z)?
-2
Let o(w) = -w**3 + 5*w**2 - 2*w + 5. Let z be (10/(-35)*4)/((-2)/7). Determine o(z).
13
Let z(c) be the third derivative of c**6/720 + c**4/8 - 3*c**2. Let y(s) be the second derivative of z(s). Give y(-1).
-1
Let p(t) = t**2 - 6*t - 4. Let j be -1 - 0 - 0 - -6. Give p(j).
-9
Let o(r) = -7*r**2 + 2*r + 5. Let p(c) = 3*c**2 - c - 3. Let z(y) = 2*o(y) + 5*p(y). What is z(0)?
-5
Suppose -3*w + 24 = 4*u, 0 = 2*u - 6*w + 2*w + 10. Let x(m) = 0 - u + m + 0 - 5. What is x(6)?
-2
Let x(f) = 3*f**2 - f - 1. Suppose 2*d + 4 - 8 = 0. What is x(d)?
9
Let p(g) = -g**3 + 4*g**2 - 4*g + 1. Suppose -10 = -5*t + x, t - 4*x = 4*t - 6. Let l = t + 1. What is p(l)?
-2
Let y(m) = -1 + 12*m + 0 - 16*m + 2. Determine y(1).
-3
Let b be 5/30 + 94/12. Let o(f) = -3*f**3 - 10*f**2 + 12*f - 7. Let t(a) = 5*a**3 + 15*a**2 - 18*a + 10. Let c(u) = b*o(u) + 5*t(u). Determine c(4).
2
Let g(c) be the first derivative of -1/4*c**4 + 2*c + 2 - 5/3*c**3 + c**2. Give g(-5).
-8
Suppose p + 5 = 10, -4*k + 5*p - 41 =